) = 2*o**2 + 9*o - 23. Determine i(2).
3
Let w(r) = r**3 + 49*r**2 - 46*r + 194. Calculate w(-50).
-6
Let o(y) = -y**3 - 11*y**2 + 11*y + 6. Give o(-12).
18
Let n(y) = -2*y + 35. Give n(17).
1
Let l(n) = 12*n**2 - 1. Give l(-1).
11
Let x(c) = -c**2 - 16. Determine x(0).
-16
Let a(s) = -7*s - 4. Give a(-2).
10
Let d(p) = p**3 - 11*p**2 - 10*p - 3. What is d(11)?
-113
Let f(i) = -i**3 - 19*i**2 + 20*i - 15. Determine f(-20).
-15
Let i(f) = -f**2 - 24*f - 127. Calculate i(-12).
17
Let n(p) = -3*p**2 + 12*p - 1. Calculate n(5).
-16
Let d(f) = -100*f + 20. Calculate d(-2).
220
Let r(q) = -3*q**3 - 19*q**2 - 3*q - 17. Calculate r(-6).
-35
Let q(b) = -b**3 + 13*b**2 - 13*b + 24. Calculate q(12).
12
Let l(v) = 154*v - 1238. Determine l(8).
-6
Let q(o) = -o - 26. Determine q(-12).
-14
Let i(m) = -182*m + 9. Give i(0).
9
Let u(x) = -x**2 + 13*x - 15. What is u(12)?
-3
Let q(l) = l**3 + l**2 - l + 2. Determine q(0).
2
Let c(j) = 5*j**2 - 2*j + 1. What is c(1)?
4
Let q(h) = h**2 - 6*h - 9. Give q(9).
18
Let q(k) = -3*k**2 + 43*k - 67. Calculate q(16).
-147
Let f(a) = -3*a + 3. What is f(8)?
-21
Let o(w) = -w + 30. What is o(-6)?
36
Let i(d) = -d**2 - 2*d. Give i(2).
-8
Let u(y) = 4*y + 7. Give u(-8).
-25
Let u(w) = w**3 - 5*w**2 + 8*w - 1. Determine u(6).
83
Let n(j) = j + 10. Calculate n(0).
10
Let r(l) = l**2 - 7*l + 12. Calculate r(4).
0
Let q(n) = -3*n**2 - 2*n + 1. Give q(3).
-32
Let j(f) = -48*f + 13. What is j(1)?
-35
Let y(d) = -d**3 + 2*d**2 - d + 73. Determine y(5).
-7
Let v(r) = 2*r**3 + 7*r**2 - 4*r - 7. Determine v(-4).
-7
Let w(u) = 9*u + 48. What is w(-5)?
3
Let f(b) = 8*b - 4. What is f(-6)?
-52
Let a(b) = 2*b + 47. Give a(-23).
1
Let t(l) = 3*l**2 - 10*l + 3. Determine t(7).
80
Let g(z) = z**3 - 3*z**2 + z - 7. Give g(3).
-4
Let k(p) = -7*p - 10. What is k(12)?
-94
Let q(s) = 2*s**2 - 20*s. Determine q(11).
22
Let i(g) = 7*g + 104. What is i(-15)?
-1
Let f(o) = o**3 + o**2 - 28*o - 6. Calculate f(5).
4
Let b(p) = -16*p. Calculate b(-1).
16
Let d(w) = -w + 5. Calculate d(-6).
11
Let x(l) = 31*l + 27. Determine x(-6).
-159
Let s(i) = -i**3 + 5*i**2 + 4. What is s(6)?
-32
Let w(i) = -i**3 - 46*i**2 + 48*i + 52. Determine w(-47).
5
Let q(k) = 2*k**3 + 36*k**2 + k + 6. Calculate q(-18).
-12
Let f(o) = 11*o + 13. Calculate f(-1).
2
Let h(i) = 33*i - 9. Calculate h(-2).
-75
Let j(q) = 3*q - 15. Calculate j(7).
6
Let j(f) = -f**3 - f**2 + 2*f - 6. Calculate j(0).
-6
Let z(q) = q**3 + 18*q**2 - 16*q + 56. Calculate z(-19).
-1
Let j(b) = -b**3 + 5*b**2 - 9*b + 22. Determine j(5).
-23
Let w(v) = -8*v - 110. What is w(-6)?
-62
Let c(i) = -i + 5. What is c(-5)?
10
Let u(m) = 2*m**2 + 4*m - 1. What is u(-3)?
5
Let m(o) = -o**2 + 13*o + 17. Calculate m(13).
17
Let u(w) = -w**2 + 2*w + 94. Determine u(-9).
-5
Let y(s) = 61*s**3 + 2*s**2 - 2*s - 2. Give y(-1).
-59
Let i(o) = -o**2 + 2*o + 7. Calculate i(3).
4
Let a(t) = 7*t**2 - 11*t + 5. Calculate a(2).
11
Let r(p) = -15*p. What is r(0)?
0
Let i(z) = 6*z - 21. What is i(3)?
-3
Let m(k) = -44*k - 8. Determine m(-1).
36
Let b(q) = -15*q + 332. Calculate b(22).
2
Let n(y) = 2*y**2 - 6*y - 345. Give n(15).
15
Let r(o) = -34*o + 2. Determine r(-1).
36
Let h(w) = 3*w + 28. Calculate h(6).
46
Let m(q) = -30*q - 115. Calculate m(-4).
5
Let o(g) = g**3 + 7*g**2 + 5*g - 1. What is o(-6)?
5
Let u(m) = -5*m + 117. What is u(21)?
12
Let y(h) = -2*h**2 + 43*h - 19. Determine y(21).
2
Let o(m) = 6*m**3 - 2*m**2 - m + 3. Give o(2).
41
Let x(q) = -q**3 - 2*q**2 + 9*q + 4. What is x(-4)?
0
Let s(v) = -2*v - 10. Determine s(17).
-44
Let u(y) = 6*y + 19. What is u(-7)?
-23
Let b(f) = -f**3 - 8*f**2 - 2*f - 10. Determine b(-8).
6
Let t(h) = -h**2 + 12. What is t(3)?
3
Let j(d) = 8*d + 156. Give j(-17).
20
Let r(x) = 3*x - 4. Determine r(-3).
-13
Let b(i) = -i**2 - 22*i - 17. Calculate b(-6).
79
Let c(z) = 2*z**2 - 2*z - 6. Give c(3).
6
Let j(g) = -9*g - 9. Give j(-2).
9
Let p(k) = -78*k - 7. What is p(-2)?
149
Let a(t) = 28*t + 4. Calculate a(-1).
-24
Let y(g) = -2*g + 1. What is y(15)?
-29
Let u(f) = f**2 - 9*f + 4. Determine u(9).
4
Let j(t) = -2*t**3 - 2*t**2 + 4*t + 2. Calculate j(2).
-14
Let v(a) = -4*a + 120. Give v(33).
-12
Let j(l) = 3*l**2 + 2*l - 28. Calculate j(-6).
68
Let r(n) = 29*n - 6. Calculate r(-1).
-35
Let f(x) = x**2 + 3*x - 14. What is f(-10)?
56
Let c(h) = -h - 44. Calculate c(-10).
-34
Let p(h) = -h**3 + 3*h**2 + 3*h - 1. Calculate p(4).
-5
Let y(l) = -11*l + 149. Calculate y(13).
6
Let w(n) = -n**2 + 15*n + 38. Give w(16).
22
Let v(s) = -s**3 + 9*s**2 + s + 1. Calculate v(6).
115
Let f(j) = -2*j**3 + 3*j**2 + 2*j - 2. What is f(3)?
-23
Let s(o) = -2*o**2 - 21*o - 12. What is s(-9)?
15
Let o(k) = -k**3 + 4*k**2 + 2*k - 10. What is o(5)?
-25
Let j(l) = 75*l + 680. Give j(-9).
5
Let i(r) = -r**3 - 7*r**2 - 13*r - 4. Calculate i(-4).
0
Let r(v) = v**3 - 3*v**2 + 3*v - 3. What is r(2)?
-1
Let w(k) = 2*k**3 + k**2 + k - 4. What is w(2)?
18
Let a(m) = -6*m**2 - 7*m + 9. Give a(2).
-29
Let x(p) = -p**2 + 11*p - 3. What is x(8)?
21
Let y(v) = -v**3 + v**2 - 2. What is y(1)?
-2
Let g(j) = 25*j - 140. Give g(6).
10
Let d(c) = -2*c**3 + 9*c**2 - 2*c - 9. Calculate d(4).
-1
Let q(z) = -z**2 + 17*z + 31. What is q(18)?
13
Let l(p) = 11*p + 7. Calculate l(4).
51
Let w(f) = -7*f - 3. Determine w(5).
-38
Let l(b) = 2*b**2 + b - 3. What is l(-5)?
42
Let c(r) = 24*r - 4. Calculate c(-3).
-76
Let b(o) = -o + 5. Determine b(19).
-14
Let w(n) = -93*n + 561. Determine w(6).
3
Let z(v) = 86*v + 336. Calculate z(-4).
-8
Let j(g) = -2*g**2 - 15*g + 5. What is j(-8)?
-3
Let m(l) = -l**3 + 18*l**2 + 23*l - 68. Give m(19).
8
Let g(b) = -b**3 - 19*b**2 - 19*b - 16. Calculate g(-18).
2
Let c(x) = x**2 - 2*x - 12. Give c(6).
12
Let y(r) = r + 1. Give y(-2).
-1
Let n(a) = a**2 + 25*a + 43. Calculate n(-23).
-3
Let l(i) = 7*i**2 + 50*i - 1. Give l(-7).
-8
Let k(a) = 4*a**2 - 4*a - 9. Determine k(-4).
71
Let u(d) = -d**3 + 23*d**2 + 51*d - 18. Calculate u(25).
7
Let n(p) = -2*p + 9. What is n(6)?
-3
Let u(o) = -o**3 - o**2 + 30. Calculate u(0).
30
Let a(m) = -19*m - 21. Calculate a(-3).
36
Let v(r) = 13*r - 358. What is v(27)?
-7
Let u(n) = -2*n**2 - 20*n - 11. Give u(-9).
7
Let w(j) = -9*j + 29. Calculate w(0).
29
Let v(g) = -3*g**2 - 52*g - 25. Calculate v(-17).
-8
Let h(k) = k**3 + k**2 - 5*k + 6. Determine h(-4).
-22
Let w(n) = n**3 + 7*n**2 + 8*n + 14. Determine w(-6).
2
Let w(q) = -q**3 - 18*q**2 + 20*q + 22. Determine w(-19).
3
Let i(l) = -l**3 + 3*l**2 + 6*l - 4. What is i(4)?
4
Let b(x) = 2*x**2 + 1. Give b(-2).
9
Let b(v) = v + 6. Calculate b(0).
6
Let i(k) = -k**2 + 2*k - 10. Calculate i(3).
-13
Let v(l) = -l**3 + 4*l**2 + 2*l + 10. Give v(5).
-5
Let r(d) = -d - 9. Calculate r(-9).
0
Let u(a) = -19*a - 194. What is u(-10)?
-4
Let j(t) = 61*t - 160. Give j(3).
23
Let v(a) = -4*a - 25. What is v(-11)?
19
Let j(f) = -9*f + 10. Determine j(-5).
55
Let p(b) = 3*b - 10. Give p(5).
5
Let m(q) = -q**3 + 8*q**2 - 17. Determine m(6).
55
Let a(c) = -19*c - 15. What is a(5)?
-110
Let t(x) = -11*x - 5. Give t(1).
-16
Let f(a) = -31*a**2 - a + 1. What is f(1)?
-31
Let c(i) = -i**2 + 7*i - 13. Calculate c(4).
-1
Let l(r) = -94*r + 4. Give l(-1).
98
Let l(j) = -j**3 - 12*j**2 - 17*j - 7. Give l(-11).
59
Let i(y) = 4*y**2 - 4*y - 19. Give i(-5).
101
Let s(v) = 61*v + 36. Determine s(-1).
-25
Let b(i) = i**3 + 4*i**2 - i - 3. Give b(-3).
9
Let g(y) = 4*y - 8. What is g(-7)?
-36
Let c(i) = -i**2 + 7*i. Determine c(5).
10
Let a(k) = -k**2 - 2*k - 1. Determine a(3).
-16
Let n(l) = -6*l - 2. Give n(5).
-32
Let r(l) = l**2 + 9*l - 6. Calculate r(-8).
-14
Let k(l) = -l - 3. Calculate k(12).
-15
Let f(d) = d**2 + 16*d + 1. What is f(-16)?
1
Let n(d) = -4*d**2 - d + 3. Give n(-4).
-57
Let z(x) = -9*x**2 - 14*x - 12. Give z(-1).
-7
Let y(z) = 4*z**2 + 27*z - 12. What is y(-9)?
69
Let c(n) = -6*n**2 + 4*n - 1. Give c(1).
-3
Let h(x) = x**3 + 9*x**2 + x - 29. What is h(-9)?
-38
Let l(f) = 16*f + 5. What is l(1)?
21
Let c(g) = -g**3 + 9*g**2 - 16*g + 9. Give c(6).
21
Let v(f) = f**3 - 41*f**2 + 38*f + 72. Determine v(40).
-8
Let k(i) = 4*i**2 - 8*i - 3. Determine k(6).
93
Let x(s) = -s**3 + 7*s**2 - 8*s + 10. Give x(7).
-46
Let k(i) = -i**2 - 13*i - 8. Calculate k(-9).
28
Let l(a) = -8*a**2 - 6*a - 5. What is l(-1)?
-7
Let y(a) = -3*a**2 - 9*a - 17.